{"id":167,"date":"2013-01-16T14:29:49","date_gmt":"2013-01-16T14:29:49","guid":{"rendered":"http:\/\/mukom.mondragon.edu\/mondragon-online\/?page_id=167"},"modified":"2013-01-17T06:23:34","modified_gmt":"2013-01-17T06:23:34","slug":"tutorials","status":"publish","type":"page","link":"https:\/\/mukom.mondragon.edu\/mondragon-online\/es\/tutorials\/","title":{"rendered":"Tutoriales \/ Tutorialak \/ Tutorials"},"content":{"rendered":"<p>Txoko honetan online eta blended irakaskuntzarako baliagarriak diren tutorialak topatuko dituzu. Etengabe eguneratzen joatea da gure asmoa, bai guk geuk sortutako tutorialekin eta baita besteenekin ere.<\/p>\n<p>En esta p\u00e1gina se ir\u00e1n incorporando tutoriales de herramientas \u00fatiles para el profesor online y presencial.<\/p>\n<h2>Moodle:<\/h2>\n<ul>\n<li><a title=\"Manual general Moodle 2.2\" href=\"https:\/\/docs.google.com\/file\/d\/0B3KBUB_R_bXdNEJRRlplZEttbkk\/edit\">Manual general Moodle 2.2<\/a><\/li>\n<li><a title=\"Manual general Moodle 2\" href=\"https:\/\/docs.google.com\/file\/d\/0B3KBUB_R_bXdZEpLbnlSNUZiWXc\/edit\">Manual general Moodle 2<\/a><\/li>\n<li><a href=\"https:\/\/sites.google.com\/a\/mondragon.edu\/comunicacion-efectiva\/pagina-de-acceso\/insertar-imagen\">Insertar una foto o imagen<\/a>\u00a0al lado de tu presentaci\u00f3n.<\/li>\n<li><a href=\"http:\/\/youtu.be\/XeCHQMIUMa8\">Insertar una image o c\u00f3mic<\/a><\/li>\n<li><a href=\"https:\/\/sites.google.com\/a\/mondragon.edu\/comunicacion-efectiva\/pagina-de-acceso\/insertar-vdeo\">Insertar un v\u00eddeo<\/a>\u00a0de bienvenida a tus alumnos en el que expliques brevemente los objetivos del curso.<\/li>\n<li><a href=\"http:\/\/youtu.be\/7wH7YOxI4h8\">Incrustar un v\u00eddeo<\/a><\/li>\n<li><a href=\"http:\/\/youtu.be\/TBmmill2kzM\">Incrustar aplicaciones 2.0<\/a><\/li>\n<li><a href=\"https:\/\/sites.google.com\/a\/mondragon.edu\/comunicacion-efectiva\/pagina-de-acceso\/crea-un-catalogo\">Convertir la gu\u00eda del alumno en cat\u00e1logo<\/a>: Sube la gu\u00eda del alumno a un servicio web 2.0 (p.e. Issuu, Scribd&#8230;) e incr\u00fastalo, para que lo puedan ver como si fuera un cat\u00e1logo, lo puedan bajar, enviarlo por correo\u2026<\/li>\n<li><a href=\"https:\/\/sites.google.com\/a\/mondragon.edu\/comunicacion-efectiva\/pagina-de-acceso\/incrustar-presentacin\">Incrustar una presentaci\u00f3n de diapositivas<\/a>: Sube la presentaci\u00f3n general del curso en ppt(x) o pdf a un servicio web 2.0 (p.e. Slideshare) e incr\u00fastalo en tu bloque 0.<\/li>\n<li><a href=\"https:\/\/sites.google.com\/a\/mondragon.edu\/comunicacion-efectiva\/pagina-de-acceso\/crea-un-profesor-virtual\">Grabar un mensaje a modo de \u2018profesor virtual\u2019<\/a>\u00a0en un servicio web 2.0 (p.e Voki)<\/li>\n<li><a href=\"https:\/\/sites.google.com\/a\/mondragon.edu\/comunicacion-efectiva\/pagina-de-acceso\/incrustar-aplicaciones-web-20\">Incrustar todo tipo de aplicaciones Web 2.0<\/a><\/li>\n<li><a title=\"Cambiar al formato de pesta\u00f1as en un curso de Moodle\" href=\"http:\/\/mukom.mondragon.edu\/mondragon-online\/2012\/11\/20\/pildoras-formativas-mu-plus-online-4-cambiar-al-formato-de-pestanas-en-un-curso-de-moodle\/\">Moodle ikastaroko formatua aldatu. Cambiar al formato de pesta\u00f1as en un curso de Moodle.<\/a><\/li>\n<li>Etiketak (testu bezala)<\/li>\n<li>P\u00e1ginas web (testu bezala)<\/li>\n<li><a href=\"http:\/\/youtu.be\/YO1_wQDN9wU\" target=\"_blank\">C\u00f3mo insertar una imagen dentro de un recurso de tipo &#8216;p\u00e1gina web&#8217;\u00a0<\/a><\/li>\n<li><a href=\"http:\/\/www.youtube.com\/watch?v=M9BGyMQkMFQ\" target=\"_blank\">C\u00f3mo insertar un enlace a un archivo dentro de un recurso de tipo &#8216;p\u00e1gina web&#8217;<\/a><\/li>\n<li><a href=\"http:\/\/youtu.be\/HrOyHGInq2U\" target=\"_blank\">C\u00f3mo insertar un enlace a una web en un recurso de tipo &#8216;p\u00e1gina web&#8217;<\/a><\/li>\n<li><a href=\"http:\/\/youtu.be\/lGB3f1WXKUk\" target=\"_blank\">C\u00f3mo insertar un v\u00eddeo dentro de un recurso de tipo p\u00e1gina web<\/a><\/li>\n<li><a href=\"http:\/\/www.youtube.com\/watch?v=UMSjslTgYnA\" target=\"_blank\">C\u00f3mo insertar dentro de un recurso de tipo &#8216;p\u00e1gina web&#8217; un enlace a un recurso o actividad<\/a><\/li>\n<li><a href=\"http:\/\/youtu.be\/-gbZVuD26GU\">C\u00f3mo crear un foro<\/a><\/li>\n<li><a href=\"http:\/\/youtu.be\/yllXKj5dT0Y\">Foros: par\u00e1metros relevantes y tipos de foros<\/a><\/li>\n<li><a href=\"http:\/\/www.google.com\/url?q=http%3A%2F%2Faprendeenlinea.udea.edu.co%2Fboa%2Fcontenidos.php%2Fedee63ed11a76f6829a00aa527c7775f%2F234%2Festilo%2Fpn_terracota%2F1%2Fcontenido%2Fwiki.html&amp;sa=D&amp;sntz=1&amp;usg=AFrqEzd6UtP4pTDq126t0By77tcInnMFlg\" rel=\"nofollow\">C\u00f3mo crear un wiki en Moodle<\/a><\/li>\n<li><strong>Crear una tarea:<\/strong>\n<ul>\n<li><a href=\"http:\/\/youtu.be\/DfhJl5d3B18\">Tarea del tipo &#8216;texto en l\u00ednea&#8217;: para qu\u00e9 sirve y c\u00f3mo crearla<\/a><\/li>\n<li><a href=\"http:\/\/youtu.be\/23FfOd7aOs8\">Tarea del tipo &#8216;texto en l\u00ednea&#8217;: c\u00f3mo ver las respuestas de los estudiantes y calificarlas<\/a><\/li>\n<li><a href=\"http:\/\/youtu.be\/RoHGhFqIm4E\">Tarea del tipo &#8216;subir un solo archivo&#8217;: para qu\u00e9 sirve y c\u00f3mo crearla<\/a><\/li>\n<li><a href=\"http:\/\/youtu.be\/SbUcqLsn5J4\">Tarea del tipo &#8216;subir un s\u00f3lo archivo&#8217;: ver c\u00f3mo el estudiante ve su calificaci\u00f3n<\/a><\/li>\n<li><a href=\"http:\/\/youtu.be\/VqfvfTDQu3A\">Tarea del tipo &#8216;subir un solo archivo&#8217;: env\u00edo del trabajo por parte del estudiante<\/a><\/li>\n<li><a href=\"http:\/\/youtu.be\/ABF7Ep-8SrY\">Tarea del tipo &#8216;subir un solo archivo&#8217;: ver los env\u00edos de los estudiantes y calificarlos<\/a><\/li>\n<li><a href=\"http:\/\/youtu.be\/fkaEpwmkWcA\">Tarea del tipo &#8216;actividad no en l\u00ednea&#8217;: para qu\u00e9 sirve, c\u00f3mo crearla y c\u00f3mo evaluarla<\/a><\/li>\n<li><a href=\"http:\/\/youtu.be\/9oj009KbeI4\">Tarea del tipo &#8216;subida avanzada&#8217;: para qu\u00e9 sirve y c\u00f3mo crearla<\/a><\/li>\n<\/ul>\n<\/li>\n<li><strong>Crear una base de datos<\/strong>\n<ul>\n<li><a href=\"http:\/\/youtu.be\/w940vP9D0LM\">Para qu\u00e9 sirve una actividad del tipo &#8216;base de datos&#8217; y c\u00f3mo crearla<\/a><\/li>\n<li><a href=\"http:\/\/youtu.be\/JGF81_-B6ds\">C\u00f3mo gestionar las entradas de una actividad de tipo &#8216;bases de datos&#8217;<\/a><\/li>\n<\/ul>\n<\/li>\n<\/ul>\n<h2><strong>Google Apps<\/strong><\/h2>\n<ul>\n<li><strong>Google Drive<\/strong>\n<ul>\n<li><strong>Google Docs<\/strong>\n<ul>\n<li><a href=\"http:\/\/www.google.com\/url?q=http%3A%2F%2Fwww.imh.es%2Fdokumentazio-irekia%2Fmanualak%2Ferabiltzailearentzako-google-en-tresnak%2Fgoogle-docs-on-line-pakete-ofimatikoa%2Fgoogle-docs-en-aurkezpena-eta-haren-sarbidea&amp;sa=D&amp;sntz=1&amp;usg=AFrqEzeMtMsfAA68oDvYcv-jBCirX0Yy9A\" rel=\"nofollow\"> Google Docs-en aurkezpena eta haren sarbidea <\/a><\/li>\n<li><a href=\"http:\/\/www.google.com\/url?q=http%3A%2F%2Fwww.imh.es%2Fdokumentazio-irekia%2Fmanualak%2Ferabiltzailearentzako-google-en-tresnak%2Fgoogle-docs-on-line-pakete-ofimatikoa%2Fgoogle-docs-dokumentu-berria-sortu&amp;sa=D&amp;sntz=1&amp;usg=AFrqEzeh7xQq52MmK1fLXWxzz2k2lElPYQ\" rel=\"nofollow\"> Google Docs dokumentu berria sortu <\/a><\/li>\n<li><a href=\"http:\/\/www.google.com\/url?q=http%3A%2F%2Fwww.imh.es%2Fdokumentazio-irekia%2Fmanualak%2Ferabiltzailearentzako-google-en-tresnak%2Fgoogle-docs-on-line-pakete-ofimatikoa%2Fdokumentu-bat-google-docsera-igo&amp;sa=D&amp;sntz=1&amp;usg=AFrqEzdLSCEzbru-2e7ecLLw9F6tnDBfUQ\" rel=\"nofollow\"> Dokumentu bat Google Docsera igo <\/a><\/li>\n<li><a href=\"http:\/\/www.google.com\/url?q=http%3A%2F%2Fwww.imh.es%2Fdokumentazio-irekia%2Fmanualak%2Ferabiltzailearentzako-google-en-tresnak%2Fgoogle-docs-on-line-pakete-ofimatikoa%2Fgoogle-docsen-hasierako-pantaila&amp;sa=D&amp;sntz=1&amp;usg=AFrqEzdlQxLTDfWqWLCosO8rUS2aqTlR1g\" rel=\"nofollow\"> Google Docsen hasierako pantaila <\/a><\/li>\n<li><a href=\"http:\/\/www.google.com\/url?q=http%3A%2F%2Fwww.imh.es%2Fdokumentazio-irekia%2Fmanualak%2Ferabiltzailearentzako-google-en-tresnak%2Fgoogle-docs-on-line-pakete-ofimatikoa%2Fgordetako-bilaketen-aukerak&amp;sa=D&amp;sntz=1&amp;usg=AFrqEzdAyTzm0xX0LvzzTgzx03eLtrq23g\" rel=\"nofollow\"> Gordetako Bilaketen aukerak <\/a><\/li>\n<li><a href=\"http:\/\/www.google.com\/url?q=http%3A%2F%2Fwww.imh.es%2Fdokumentazio-irekia%2Fmanualak%2Ferabiltzailearentzako-google-en-tresnak%2Fgoogle-docs-on-line-pakete-ofimatikoa%2Fkarpeten-aukerak-karpetekin-lan-egin&amp;sa=D&amp;sntz=1&amp;usg=AFrqEzfc4BHQdhCs7NvU-sLz1dULHyo_Fw\" rel=\"nofollow\"> Karpeten aukerak: karpetekin lan egin<\/a><\/li>\n<li><a href=\"http:\/\/www.google.com\/url?q=http%3A%2F%2Fwww.imh.es%2Fdokumentazio-irekia%2Fmanualak%2Ferabiltzailearentzako-google-en-tresnak%2Fgoogle-docs-on-line-pakete-ofimatikoa%2Fdokumentu-bat-google-docsekin-partekatu&amp;sa=D&amp;sntz=1&amp;usg=AFrqEzeMG5SUT20MzvP-v5BvoL-2mnCToA\" rel=\"nofollow\"> Dokumentu bat Google Docsekin partekatu <\/a><\/li>\n<li><a href=\"http:\/\/www.google.com\/url?q=http%3A%2F%2Fwww.imh.es%2Fdokumentazio-irekia%2Fmanualak%2Ferabiltzailearentzako-google-en-tresnak%2Fgoogle-docs-on-line-pakete-ofimatikoa%2Fgainbegiratzeen-historiala&amp;sa=D&amp;sntz=1&amp;usg=AFrqEzczjrV1PqJl-mjB96qj6cH52_ksXg\" rel=\"nofollow\"> Gainbegiratzeen historiala<\/a><\/li>\n<li><a href=\"http:\/\/www.google.com\/url?q=http%3A%2F%2Fwww.imh.es%2Fdokumentazio-irekia%2Fmanualak%2Ferabiltzailearentzako-google-en-tresnak%2Fgoogle-docs-on-line-pakete-ofimatikoa%2Finkesta-bat-sortu-kalkulo-orri-eta-formulario-baten-bidez&amp;sa=D&amp;sntz=1&amp;usg=AFrqEzcuvmW-aL8wzhLPZ0VsZwFChrwBNw\" rel=\"nofollow\"> Inkesta bat sortu kalkulo orri eta formulario baten bidez<\/a><\/li>\n<\/ul>\n<\/li>\n<li><strong>Google Presentation<\/strong>\n<ul>\n<li><a href=\"http:\/\/www.google.com\/url?q=http%3A%2F%2Fwww.tildee.com%2Fi5jQNd&amp;sa=D&amp;sntz=1&amp;usg=AFrqEzdU57qaKJNm6Bh9wFbsnAH4XYszhg\" rel=\"nofollow\">Creaci\u00f3n de presentaciones con Google Docs<\/a><\/li>\n<li><a href=\"http:\/\/www.google.com\/url?q=http%3A%2F%2Fwww.slideshare.net%2Fcedecite%2Fpresentaciones-con-google-docs&amp;sa=D&amp;sntz=1&amp;usg=AFrqEzcUReeIpY7LAnKk0Y5mooZyM_wXXw\" rel=\"nofollow\">Presentaciones con Google Docs<\/a><\/li>\n<\/ul>\n<\/li>\n<li><strong>Google Form<\/strong>\n<ul>\n<li><a href=\"http:\/\/youtu.be\/hvy1bA1mDAc\">Crear un formulario en Google Docs<\/a> (video, 07:20)<\/li>\n<\/ul>\n<\/li>\n<\/ul>\n<\/li>\n<\/ul>\n<div>\n<ul>\n<li><strong>Google Sites<\/strong>\n<ul>\n<li><a title=\"Crear un Google Site\" href=\"http:\/\/mukom.mondragon.edu\/mondragon-online\/2012\/10\/01\/pildoras-formativas-mu-plus-online-1\/\">Google Sites bat sortu korreotik abiatuta\/ Crear un Google Site.<\/a><\/li>\n<li>Orri bat editatu eta edizioak eskaintzen dituen aukera ezberdinak ezagutu:\n<ol>\n<li><a title=\"Orria editatu eta link bat txertatu\" href=\"http:\/\/www.google.com\/url?q=http%3A%2F%2Fscreenr.com%2FDMJ&amp;sa=D&amp;sntz=1&amp;usg=AFrqEzdsCW5TE-pbAPeQWIVrdbYEeiWAEQ\" rel=\"nofollow\">Orria editatu eta link\/esteka bat txertatu<\/a><\/li>\n<li><a title=\"Irudi bat txertatu\" href=\"http:\/\/www.google.com\/url?q=http%3A%2F%2Fscreenr.com%2FFMJ&amp;sa=D&amp;sntz=1&amp;usg=AFrqEzduf3KjVidR4h5Wi_OaBbpjpJ3dSA\" rel=\"nofollow\">Irudi bat txertatu<\/a><\/li>\n<li><a title=\"Google Docs eta presentation txertatu\" href=\"http:\/\/www.google.com\/url?q=http%3A%2F%2Fscreenr.com%2FfMJ&amp;sa=D&amp;sntz=1&amp;usg=AFrqEzeHoefyH6k7P5tvetrnCEzM5eVD2Q\" rel=\"nofollow\">Google Docs eta Google Presentation txertatu<\/a><\/li>\n<li><a title=\"Bideo bat txertatu\" href=\"http:\/\/www.google.com\/url?q=http%3A%2F%2Fscreenr.com%2FuMJ&amp;sa=D&amp;sntz=1&amp;usg=AFrqEzeZQWLnTDA2kSsMIZp-lApF_bYVow\" rel=\"nofollow\">Bideo bat txertatu<\/a><\/li>\n<\/ol>\n<\/li>\n<li><a title=\"Orriak sortu eta kudeatu\" href=\"http:\/\/www.google.com\/url?q=http%3A%2F%2Fscreenr.com%2FoMJ&amp;sa=D&amp;sntz=1&amp;usg=AFrqEzf8xfVRUtNESQVlqor3Tfu4ujIP4Q\" rel=\"nofollow\">Orriak sortu eta antolatu<\/a><\/li>\n<li><a title=\"Itxura aldatu\" href=\"http:\/\/www.google.com\/url?q=http%3A%2F%2Fscreenr.com%2FiMJ&amp;sa=D&amp;sntz=1&amp;usg=AFrqEzfbOdppOa5iWfA7h-7w3aTMn_Ln5w\" rel=\"nofollow\">Itxura aldatu<\/a><\/li>\n<li><a title=\"Sitesa partekatu\" href=\"http:\/\/www.google.com\/url?q=http%3A%2F%2Fscreenr.com%2F9MJ&amp;sa=D&amp;sntz=1&amp;usg=AFrqEzfgUfG7ThW1W8GqEfqBnhVKdTYHeA\" rel=\"nofollow\">Sitesa partekatu<\/a><\/li>\n<\/ul>\n<\/li>\n<\/ul>\n<h2><strong><br \/>\nCrear presentaciones:<\/strong><\/h2>\n<ul>\n<li>Powerpoint 2007 (<a href=\"http:\/\/www.youtube.com\/watch?v=tgYGTfXK2lI\">1<\/a>, <a href=\"http:\/\/www.youtube.com\/watch?v=VXCoOI0lDaU\">2<\/a>, <a href=\"http:\/\/www.youtube.com\/watch?v=0T0JYbTL56c\">3<\/a>)<\/li>\n<li>De PowerPoint a Movie Maker (<a href=\"http:\/\/www.youtube.com\/watch?v=qLECtOuh420\">1<\/a>, 2)<\/li>\n<li>Google Presentation\n<ul>\n<li><a href=\"http:\/\/www.google.com\/url?q=http%3A%2F%2Fwww.tildee.com%2Fi5jQNd&amp;sa=D&amp;sntz=1&amp;usg=AFrqEzdU57qaKJNm6Bh9wFbsnAH4XYszhg\" rel=\"nofollow\">Creaci\u00f3n de presentaciones con Google Docs<\/a><\/li>\n<li><a href=\"http:\/\/www.google.com\/url?q=http%3A%2F%2Fwww.slideshare.net%2Fcedecite%2Fpresentaciones-con-google-docs&amp;sa=D&amp;sntz=1&amp;usg=AFrqEzcUReeIpY7LAnKk0Y5mooZyM_wXXw\" rel=\"nofollow\">Presentaciones con Google Docs<\/a><\/li>\n<\/ul>\n<\/li>\n<li>Prezi (<a href=\"http:\/\/www.google.com\/url?q=http%3A%2F%2Fprezi.com%2Fca9fgcppikjd%2Fprezi-euskaraz-ikasi-prezi-erabiltzen-15-minututan-prezi-akademia%2F&amp;sa=D&amp;sntz=1&amp;usg=AFrqEzfilio2B9XpJ2F_qvg-nbCEMXhCBw\">eus<\/a>, <a href=\"http:\/\/www.google.com\/url?q=http%3A%2F%2Fprezi.com%2Fyqfu-lxm9kxr%2Ftutorial-prezi-en-espanol-aprender-a-utilizarlo-en-15-minutos-academia-prezi%2F&amp;sa=D&amp;sntz=1&amp;usg=AFrqEzfn7zcZmBE1Y_12cWWl98XjLXSkJg\">es<\/a>, <a href=\"http:\/\/www.google.com\/url?q=http%3A%2F%2Fprezi.com%2Flearn%2F&amp;sa=D&amp;sntz=1&amp;usg=AFrqEzfZqDqwoSdqR9ZlL6fC8vhi4RUVdQ\">eng<\/a>)<\/li>\n<li><a title=\"Presentaciones que combinan v\u00eddeo y diapositivas con Zentation\" href=\"http:\/\/mukom.mondragon.edu\/mondragon-online\/2013\/01\/09\/pildoras-formativas-mu-plus-online-5-presentaciones-que-combinan-video-y-diapositivas-con-zentation\/\">Zentation: Presentaciones que combinan v\u00eddeo y diapostivas (eus, es)<\/a><\/li>\n<li>Prezentit<\/li>\n<li>HelloSlide<\/li>\n<li>Glogster<\/li>\n<\/ul>\n<h2>Crear presentaciones comentadas<\/h2>\n<ul>\n<li>PPT + audio<\/li>\n<li>Slidecast<\/li>\n<li>V\u00eddeo: Transformar una presentaci\u00f3n de PPT en una presentaci\u00f3n narrada (<a href=\"http:\/\/www.youtube.com\/watch?v=thMepkgXUsQ&amp;list=PLC890C3DF80416C14\">PowerPoint to Windows Movie Maker<\/a>)<\/li>\n<\/ul>\n<div>\n<h2>Tutor\u00edas online y feedback:<\/h2>\n<ul>\n<li>Gmail (por correo o por voz)<\/li>\n<li>Google Hangout (<a title=\"es\" href=\"http:\/\/www.youtube.com\/watch?v=Rlgh3eGyEEg\">es<\/a>, <a title=\"en\" href=\"http:\/\/www.youtube.com\/watch?v=cu4pZirx5S0\">en<\/a>)<\/li>\n<li>V\u00eddeocast con ScreenCast-O-Matic (ver el apartado &#8216;crear v\u00eddeotutoriales con ScreenCast-O-Matic)<\/li>\n<li>Anymeeting:<\/li>\n<li>Aula virtual Adobe Connect\n<ul>\n<li><a href=\"http:\/\/www.google.com\/url?q=http%3A%2F%2Flearningspace.mondragon.edu%2Ffile.php%2F10%2FPlataforma%2FCampus_Birtuala%2Fprimer_acceso_aula_virtual.mp4&amp;sa=D&amp;sntz=1&amp;usg=AFrqEzfasOC3Dh3Q1uvoUYEYZ0U9XwrwOQ\" rel=\"nofollow\">Primer acceso al aula virtual<\/a><\/li>\n<li><a href=\"http:\/\/www.google.com\/url?q=http%3A%2F%2Ftv.uvigo.es%2Fvideo%2F25022&amp;sa=D&amp;sntz=1&amp;usg=AFrqEzcAEkq5wRxVqTnd62N3XR4zeDID4A\" rel=\"nofollow\">Tutorial sobre Adobe Connect<\/a><\/li>\n<\/ul>\n<\/li>\n<li>Skype (videochat)\n<ul>\n<li><a href=\"http:\/\/youtu.be\/XSxW4thaakY\">Tutorial b\u00e1sico de Skype<\/a><\/li>\n<li><a href=\"http:\/\/www.google.com\/url?q=http%3A%2F%2Fgijonsenior.wikispaces.com%2Ffile%2Fview%2FTutorial_Skype.pdf&amp;sa=D&amp;sntz=1&amp;usg=AFrqEzdE2revHiU01BNFQVZws0QdurVS0g\" rel=\"nofollow\">Tutorial did\u00e1ctico de skype<\/a>\u00a0(pdf)<\/li>\n<li><a title=\"Skype\" href=\"http:\/\/www.youtube.com\/watch?v=rKN_gOJxfQI\">Videotutorial Skype<\/a><\/li>\n<\/ul>\n<\/li>\n<li><a href=\"http:\/\/www.google.com\/url?q=http%3A%2F%2Fwww.voki.com%2F&amp;sa=D&amp;sntz=1&amp;usg=AFrqEzeNGOX4FrduQN7bUqNYjNeSpbGVhg\" rel=\"nofollow\">Voki<\/a>\u00a0(crear un personaje a modo de profesor virtual)\n<ul>\n<li><a href=\"http:\/\/youtu.be\/ZXyKsSL8emA\">Crear personaje en Voki<\/a><\/li>\n<li><a href=\"http:\/\/www.youtube.com\/watch?v=o8Q3LOs1wLA\">C\u00f3mo hacer un Voki<\/a><\/li>\n<\/ul>\n<\/li>\n<li><a href=\"http:\/\/www.google.com\/url?q=http%3A%2F%2Fvocaroo.com%2Flogin.php%3Fnext%3Dcontrol&amp;sa=D&amp;sntz=1&amp;usg=AFrqEzfAQ-ImG0oCfcuoH6xf_XQe-I50Pw\" rel=\"nofollow\">Vocaroo<\/a>\u00a0(grabar y enviar mensajes de voz por email)\n<ul>\n<li><a href=\"http:\/\/www.youtube.com\/watch?v=ELNygz3RbT4\">Tutorial Vocaroo<\/a>\u00a0(v\u00eddeo)<\/li>\n<li><a href=\"http:\/\/www.google.com\/url?q=http%3A%2F%2Fwww.slideshare.net%2Fjesus25dite%2Ftutorial-vocaroo&amp;sa=D&amp;sntz=1&amp;usg=AFrqEzdw01lIgg8T-D0fMuTB7SYQvzNKgA\" rel=\"nofollow\">Tutorial vocaroo<\/a>\u00a0(presentaci\u00f3n)<\/li>\n<\/ul>\n<\/li>\n<\/ul>\n<h2>Crear videotutoriales:<\/h2>\n<ul>\n<li><a title=\"Crear un v\u00eddeotutorial\" href=\"http:\/\/mukom.mondragon.edu\/mondragon-online\/2012\/10\/16\/pildoras-formativas-mu-plus-online-2\/\">Screencast-O-matic (eus, es)<\/a><\/li>\n<li>Screenr<\/li>\n<\/ul>\n<h2>Trabajo colaborativo:<\/h2>\n<ul>\n<li><strong>Google Docs<\/strong> (ikus Google Docs atala. Ver el apartado Google Docs)<\/li>\n<li><strong>Presentaciones colaborativas con Google Presentation<\/strong> (ikus Google Presentation atala. Ver el apartado Google Presentation)<\/li>\n<li><strong>Brainstorming:<\/strong>\n<ul>\n<li><a title=\"crear un tabl\u00f3n digital para incrustarlo en nuestro curso de Moodle\" href=\"http:\/\/mukom.mondragon.edu\/mondragon-online\/2012\/11\/04\/pildoras-formativas-mu-plus-online-3-crear-un-tablon-digital-para-incrustarlo-en-nuestro-curso-de-moodle\/\">Tabl\u00f3n digital (post-it digital) (eus, es)<\/a><\/li>\n<\/ul>\n<\/li>\n<\/ul>\n<h2>Editores de v\u00eddeo. Bideo editoreak:<\/h2>\n<p><strong>Jaisteko programak:<\/strong><\/p>\n<ul>\n<li>Windows Movie Maker (<a href=\"http:\/\/www.google.com\/url?q=http%3A%2F%2Fblog.mp3.es%2Ftutorial-espanol-windows-movie-maker-mp3-es%2F&amp;sa=D&amp;sntz=1&amp;usg=AFrqEzfo1eVThiBb14NuXEZks38YiMS2OQ\">1<\/a>, <a href=\"http:\/\/www.youtube.com\/watch?v=Sa2bed8XhWg\">2<\/a>)<\/li>\n<li><a href=\"http:\/\/www.google.com\/url?q=http%3A%2F%2Fwww.ezvid.com&amp;sa=D&amp;sntz=1&amp;usg=AFrqEzfE4NofkicNg6SDLpO4J0h1gwLcBg\">Ezvid<\/a>:<\/li>\n<li><a href=\"http:\/\/www.google.com\/url?q=http%3A%2F%2Fwww.avs4you.com&amp;sa=D&amp;sntz=1&amp;usg=AFrqEzfHSXgzI_Uw48dptMDoPtJyn8204Q\">AVS Video Editor<\/a>:<\/li>\n<li><a href=\"http:\/\/www.google.com\/url?q=http%3A%2F%2Fwww.nchsoftware.com%2Fvideopad%2F&amp;sa=D&amp;sntz=1&amp;usg=AFrqEzeeTAslnggWs-HchkPNju_00fzQPQ\">Videopad<\/a>:<\/li>\n<\/ul>\n<p><strong>Online bideo editoreak:<\/strong><\/p>\n<ul>\n<li><a href=\"http:\/\/www.youtube.com\/editor\/\">Youtube video editor<\/a><\/li>\n<li><a href=\"http:\/\/www.google.com\/url?q=http%3A%2F%2Fwww.videotoolbox.com%2F&amp;sa=D&amp;sntz=1&amp;usg=AFrqEzcBuQbzO0TZgv9W3x5KIggimBRWqw\">Video Tool Box<\/a><\/li>\n<li><a href=\"http:\/\/www.google.com\/url?q=http%3A%2F%2Fwww.pixorial.com%2F&amp;sa=D&amp;sntz=1&amp;usg=AFrqEzefQQXgf2vDS_se21yXo4YPWjL59g\">Pixorial<\/a><\/li>\n<li><a href=\"http:\/\/www.google.com\/url?q=https%3A%2F%2Fwww.wevideo.com%2F&amp;sa=D&amp;sntz=1&amp;usg=AFrqEzene0t3DVgdZhOiQs0jcy2NyvOmWw\">WeVideo<\/a><\/li>\n<li><a href=\"http:\/\/www.google.com\/url?q=https%3A%2F%2Fwww.filelab.com%2Fvideo-editor&amp;sa=D&amp;sntz=1&amp;usg=AFrqEzeCrY1l5V4o3xnZ811v_nbHlJ-P6Q\">FileLab Video Editor<\/a><\/li>\n<\/ul>\n<h2><strong>Bestelakoak\/otros<\/strong><\/h2>\n<ul>\n<li><a title=\"Web 2.0 tresnak hezkuntzarako prest\" href=\"https:\/\/sites.google.com\/a\/mondragon.edu\/irakaslearen-rola-hartu-eta-web-2-0-tresna-bat-zuen-ikaskideei-irakatsi\/home\">Web 2.0 tresnak hezkuntzarako prest<\/a><\/li>\n<\/ul>\n<\/div>\n<\/div>\n","protected":false},"excerpt":{"rendered":"<p>Txoko honetan online eta blended irakaskuntzarako baliagarriak diren tutorialak topatuko dituzu. Etengabe eguneratzen joatea da gure asmoa, bai guk geuk sortutako tutorialekin eta baita besteenekin ere. En esta p\u00e1gina se ir\u00e1n incorporando tutoriales de herramientas \u00fatiles para el profesor online y presencial. Moodle: Manual general Moodle 2.2 Manual general Moodle 2 Insertar una foto o imagen\u00a0al lado de tu presentaci\u00f3n. Insertar una image o c\u00f3mic Insertar un v\u00eddeo\u00a0de bienvenida a tus alumnos en el que expliques brevemente los objetivos del curso. Incrustar un v\u00eddeo Incrustar aplicaciones 2.0 Convertir la gu\u00eda del alumno en cat\u00e1logo: Sube la gu\u00eda del alumno a un servicio web 2.0 (p.e. Issuu, Scribd&#8230;) e incr\u00fastalo, para que lo puedan ver como si fuera un cat\u00e1logo, lo puedan bajar, enviarlo por correo\u2026 Incrustar una presentaci\u00f3n de diapositivas: Sube la presentaci\u00f3n general del curso en ppt(x) o pdf..<\/p>\n","protected":false},"author":57,"featured_media":0,"parent":0,"menu_order":0,"comment_status":"open","ping_status":"open","template":"","meta":[],"amp_enabled":true,"_links":{"self":[{"href":"https:\/\/mukom.mondragon.edu\/mondragon-online\/wp-json\/wp\/v2\/pages\/167"}],"collection":[{"href":"https:\/\/mukom.mondragon.edu\/mondragon-online\/wp-json\/wp\/v2\/pages"}],"about":[{"href":"https:\/\/mukom.mondragon.edu\/mondragon-online\/wp-json\/wp\/v2\/types\/page"}],"author":[{"embeddable":true,"href":"https:\/\/mukom.mondragon.edu\/mondragon-online\/wp-json\/wp\/v2\/users\/57"}],"replies":[{"embeddable":true,"href":"https:\/\/mukom.mondragon.edu\/mondragon-online\/wp-json\/wp\/v2\/comments?post=167"}],"version-history":[{"count":10,"href":"https:\/\/mukom.mondragon.edu\/mondragon-online\/wp-json\/wp\/v2\/pages\/167\/revisions"}],"predecessor-version":[{"id":176,"href":"https:\/\/mukom.mondragon.edu\/mondragon-online\/wp-json\/wp\/v2\/pages\/167\/revisions\/176"}],"wp:attachment":[{"href":"https:\/\/mukom.mondragon.edu\/mondragon-online\/wp-json\/wp\/v2\/media?parent=167"}],"curies":[{"name":"wp","href":"https:\/\/api.w.org\/{rel}","templated":true}]}}